What is the greatest common divisor of 27251 and 19?
1
Calculate the highest common factor of 32769 and 3487.
11
Calculate the greatest common factor of 1300 and 39600.
100
Calculate the greatest common divisor of 4563 and 91.
13
Calculate the greatest common divisor of 2567298 and 3.
3
What is the highest common factor of 2688 and 4384?
32
What is the greatest common divisor of 54108 and 162?
162
What is the greatest common divisor of 3944 and 316999?
493
Calculate the highest common divisor of 18 and 114462.
18
What is the highest common divisor of 388989 and 27?
27
What is the highest common factor of 80995 and 194?
97
What is the highest common factor of 49 and 37289?
49
Calculate the highest common factor of 2996832 and 768.
96
Calculate the greatest common divisor of 41245 and 9605.
565
What is the greatest common factor of 37675 and 441551?
1507
Calculate the greatest common factor of 67228 and 364.
28
What is the highest common factor of 1538 and 2989103?
769
Calculate the greatest common divisor of 18283 and 141.
47
What is the greatest common divisor of 1643338 and 2284?
1142
What is the greatest common factor of 133318 and 2792?
698
What is the greatest common divisor of 13 and 134446?
13
Calculate the greatest common divisor of 6200 and 750.
50
What is the greatest common factor of 76695 and 12?
3
What is the highest common divisor of 25000 and 3350?
50
Calculate the highest common divisor of 55267 and 17.
17
Calculate the highest common divisor of 240 and 107560.
40
Calculate the greatest common factor of 5376 and 874272.
672
Calculate the highest common divisor of 637 and 3577.
49
What is the highest common divisor of 7974 and 207?
9
What is the greatest common factor of 8675 and 4825?
25
What is the greatest common factor of 901921 and 566?
283
Calculate the greatest common factor of 99 and 169213.
11
Calculate the highest common factor of 66678 and 138.
6
Calculate the highest common divisor of 23943 and 184.
23
What is the highest common divisor of 40424 and 4340?
124
What is the highest common divisor of 228 and 14298?
6
What is the highest common divisor of 65 and 397865?
65
Calculate the highest common factor of 10705121 and 17.
17
Calculate the greatest common divisor of 20 and 20676.
4
Calculate the greatest common divisor of 3627 and 66261.
39
Calculate the highest common divisor of 232 and 128.
8
What is the greatest common factor of 477 and 48?
3
What is the greatest common divisor of 6482 and 70?
14
Calculate the greatest common factor of 1774727 and 2206.
1103
What is the highest common factor of 133285 and 3105?
115
What is the highest common divisor of 1116 and 1572?
12
What is the highest common divisor of 128570 and 6923?
989
Calculate the highest common factor of 440 and 21534040.
440
Calculate the highest common divisor of 13 and 91897.
13
What is the greatest common divisor of 3618 and 2814?
402
What is the greatest common factor of 16519 and 14?
1
What is the highest common divisor of 18 and 16078?
2
Calculate the greatest common divisor of 178 and 168922.
178
What is the greatest common divisor of 1924 and 861360?
148
What is the highest common divisor of 100602 and 2990?
46
Calculate the greatest common factor of 974554 and 14798.
2114
What is the highest common factor of 417795 and 4025?
805
Calculate the greatest common factor of 160 and 70480.
80
Calculate the greatest common divisor of 12 and 183228.
12
What is the highest common divisor of 11 and 111001?
11
What is the highest common divisor of 8 and 6152?
8
What is the greatest common factor of 987360 and 352?
352
Calculate the highest common divisor of 6097 and 455.
91
Calculate the highest common divisor of 10962 and 6293.
203
Calculate the highest common factor of 170 and 6596.
34
Calculate the greatest common factor of 3552 and 13912.
296
What is the greatest common divisor of 77 and 2996?
7
Calculate the greatest common factor of 60608 and 192.
64
What is the greatest common divisor of 64 and 1316032?
64
Calculate the greatest common divisor of 9 and 4359.
3
Calculate the greatest common factor of 1566 and 465363.
261
What is the greatest common factor of 5115150 and 972?
486
Calculate the greatest common factor of 57048 and 18.
6
What is the highest common factor of 120 and 221565?
15
Calculate the highest common divisor of 3842594 and 42.
14
Calculate the greatest common factor of 33072 and 96.
48
What is the greatest common divisor of 75 and 1815?
15
Calculate the highest common factor of 72 and 10104.
24
What is the highest common factor of 1738 and 21962?
158
Calculate the greatest common factor of 1182780 and 15.
15
Calculate the highest common divisor of 5497 and 1955.
23
What is the highest common divisor of 433640 and 200?
40
What is the highest common factor of 17595 and 184161?
1173
Calculate the greatest common divisor of 6810 and 10.
10
What is the highest common divisor of 3430 and 10535?
245
What is the highest common divisor of 288 and 47484?
36
What is the highest common factor of 110 and 30050?
10
Calculate the highest common divisor of 217080 and 1273.
67
What is the highest common factor of 30401 and 76454?
301
What is the greatest common divisor of 474 and 18091?
79
Calculate the highest common divisor of 609 and 3393.
87
What is the greatest common divisor of 37195 and 129?
43
Calculate the greatest common divisor of 74518 and 742.
106
Calculate the greatest common factor of 448 and 5628.
28
What is the highest common divisor of 3762 and 6336?
198
What is the greatest common divisor of 12528 and 16356?
348
What is the greatest common divisor of 115872 and 102?
102
What is the highest common factor of 47184 and 384?
48
What is the highest common factor of 6277019 and 7?
7
Calculate the greatest common factor of 9956 and 240516.
524
Calculate the highest common divisor of 63 and 14896.
7
Calculate the highest common factor of 3817 and 671.
11
Calculate the greatest common divisor of 68 and 9197.
17
What is the greatest common divisor of 201 and 8223?
3
What is the greatest common divisor of 560 and 130?
10
What is the highest common divisor of 3337 and 1349?
71
What is the greatest common factor of 57070 and 1250?
10
Calculate the highest common divisor of 131670 and 1320.
330
What is the greatest common divisor of 2384 and 474863?
149
Calculate the highest common factor of 1525 and 27145.
305
Calculate the greatest common divisor of 34968 and 888.
24
Calculate the highest common divisor of 50521 and 76.
19
Calculate the highest common factor of 83475 and 636.
159
What is the highest common divisor of 10374 and 1254?
114
Calculate the highest common factor of 1712 and 31296.
16
What is the greatest common factor of 50704 and 1152?
16
What is the highest common divisor of 27 and 37368?
27
What is the highest common factor of 1874642 and 3102?
1034
What is the highest common divisor of 187712 and 16?
16
What is the greatest common divisor of 2639060 and 508?
508
What is the greatest common divisor of 8720 and 1627370?
1090
What is the greatest common factor of 62 and 120838?
62
What is the highest common factor of 1500 and 179500?
500
What is the highest common divisor of 1599920 and 196?
28
What is the greatest common factor of 10509 and 93?
93
What is the greatest common divisor of 27279 and 3464?
433
What is the greatest common divisor of 78610 and 70?
70
What is the highest common divisor of 26000 and 416?
208
What is the highest common divisor of 108 and 290412?
108
What is the highest common factor of 5253 and 153?
51
What is the highest common divisor of 88256 and 4396?
28
Calculate the greatest common factor of 60648 and 456.
456
What is the greatest common factor of 80030 and 583?
53
What is the greatest common divisor of 1136 and 592?
16
What is the greatest common factor of 329 and 179963?
329
What is the highest common factor of 1014230 and 490?
70
What is the highest common divisor of 128720 and 160?
80
What is the greatest common divisor of 549199 and 938?
469
Calculate the highest common factor of 559393 and 412.
103
Calculate the greatest common divisor of 19107 and 2331.
9
Calculate the highest common factor of 11 and 1500367.
11
Calculate the greatest common divisor of 1785 and 42175.
35
Calculate the grea